{"id":55,"date":"2022-07-09T05:08:29","date_gmt":"2022-07-09T05:08:29","guid":{"rendered":"https:\/\/ipragency.com.mx\/?page_id=55"},"modified":"2022-07-18T18:25:11","modified_gmt":"2022-07-18T18:25:11","slug":"quienes-somos","status":"publish","type":"page","link":"https:\/\/ipragency.com.mx\/?page_id=55","title":{"rendered":"\u00bfQuienes Somos?"},"content":{"rendered":"\n<h5 class=\"wp-block-heading\" style=\"font-size:20px;font-style:normal;font-weight:700\">IPR Agency esta comprometida con ser la gu\u00eda y generador de protecciones para tus ideas.<\/h5>\n\n\n\n<p class=\"has-text-align-left\" style=\"font-size:23px\"><strong>MISI\u00d3N<\/strong><\/p>\n\n\n\n<p class=\"has-text-align-left\" style=\"font-size:20px\">Servir como pilar en el proceso de protecci\u00f3n de tus ideas, proyectos y creaciones; incrementando su exclusividad, logrando su transferencia y protecci\u00f3n en el mercado.<\/p>\n\n\n\n<div style=\"height:10px\" aria-hidden=\"true\" class=\"wp-block-spacer\"><\/div>\n\n\n\n<p class=\"has-text-align-left\" style=\"font-size:23px\"><strong>VISI\u00d3N<\/strong><\/p>\n\n\n\n<p class=\"has-text-align-left\" style=\"font-size:20px\">Ser reconocidos en la econom\u00eda del conocimiento por otorgar a nuestros clientes un valor agregado en activos, gracias a nuestra calidad y experiencia dentro del \u00e1\u0301rea de protecci\u00f3n de intangibles.<\/p>\n\n\n\n<div style=\"height:10px\" aria-hidden=\"true\" class=\"wp-block-spacer\"><\/div>\n\n\n\n<p class=\"has-text-align-left\" style=\"font-size:23px\"><strong>VALORES<\/strong><\/p>\n\n\n\n<p class=\"has-text-align-left\" style=\"font-size:20px\">Calidad, confidencialidad, compromiso, profesionalismo, seguridad.<\/p>\n\n\n\n<div style=\"height:10px\" aria-hidden=\"true\" class=\"wp-block-spacer\"><\/div>\n\n\n\n<div class=\"wp-block-columns is-layout-flex wp-container-core-columns-is-layout-1 wp-block-columns-is-layout-flex\">\n<div class=\"wp-block-column is-layout-flow wp-block-column-is-layout-flow\">\n<figure class=\"wp-block-image aligncenter size-large is-style-default\" style=\"border-radius:55px\"><img loading=\"lazy\" decoding=\"async\" width=\"1030\" height=\"689\" src=\"https:\/\/ipragency.com.mx\/wp-content\/uploads\/2022\/07\/nosotros-1030x689.jpg\" alt=\"\" class=\"wp-image-56\" srcset=\"https:\/\/ipragency.com.mx\/wp-content\/uploads\/2022\/07\/nosotros-1030x689.jpg 1030w, https:\/\/ipragency.com.mx\/wp-content\/uploads\/2022\/07\/nosotros-300x201.jpg 300w, https:\/\/ipragency.com.mx\/wp-content\/uploads\/2022\/07\/nosotros-768x514.jpg 768w, https:\/\/ipragency.com.mx\/wp-content\/uploads\/2022\/07\/nosotros-705x472.jpg 705w, https:\/\/ipragency.com.mx\/wp-content\/uploads\/2022\/07\/nosotros.jpg 1282w\" sizes=\"(max-width: 1030px) 100vw, 1030px\" \/><\/figure>\n<\/div>\n\n\n\n<div class=\"wp-block-column is-layout-flow wp-block-column-is-layout-flow\">\n<blockquote class=\"wp-block-quote is-layout-flow wp-block-quote-is-layout-flow\" style=\"font-size:20px\"><p><em style=\"font-weight: bold;\">Contamos con la experiencia, preparaci\u00f3n y conocimientos necesarios para proteger y potencializar tus creaciones<\/em><\/p><\/blockquote>\n\n\n\n<p class=\"has-text-align-left\" style=\"font-size:20px\">En IPR Agency nuestra cultura va m\u00e1s all\u00e1 de ser un facilitador en el proceso estrat\u00e9\u0301gico de Protecci\u00f3n Intelectual ya que adem\u00e1s de brindar el conocimiento y la experiencia necesaria para servir como gu\u00eda, nos preocupamos por incrementar la calidad y el valor de nuestros clientes, asegurando el aprovechamiento sus activos intangibles para aumentar su competitividad en la actual econom\u00eda del conocimiento<\/p>\n<\/div>\n<\/div>\n","protected":false},"excerpt":{"rendered":"<p>IPR Agency esta comprometida con ser la gu\u00eda y generador de protecciones para tus ideas. MISI\u00d3N Servir como pilar en el proceso de protecci\u00f3n de tus ideas, proyectos y creaciones; incrementando su exclusividad, logrando su transferencia y protecci\u00f3n en el mercado. VISI\u00d3N Ser reconocidos en la econom\u00eda del conocimiento por otorgar a nuestros clientes un [&hellip;]<\/p>\n","protected":false},"author":1,"featured_media":0,"parent":0,"menu_order":2,"comment_status":"closed","ping_status":"closed","template":"","meta":{"footnotes":""},"class_list":["post-55","page","type-page","status-publish","hentry"],"_links":{"self":[{"href":"https:\/\/ipragency.com.mx\/index.php?rest_route=\/wp\/v2\/pages\/55"}],"collection":[{"href":"https:\/\/ipragency.com.mx\/index.php?rest_route=\/wp\/v2\/pages"}],"about":[{"href":"https:\/\/ipragency.com.mx\/index.php?rest_route=\/wp\/v2\/types\/page"}],"author":[{"embeddable":true,"href":"https:\/\/ipragency.com.mx\/index.php?rest_route=\/wp\/v2\/users\/1"}],"replies":[{"embeddable":true,"href":"https:\/\/ipragency.com.mx\/index.php?rest_route=%2Fwp%2Fv2%2Fcomments&post=55"}],"version-history":[{"count":38,"href":"https:\/\/ipragency.com.mx\/index.php?rest_route=\/wp\/v2\/pages\/55\/revisions"}],"predecessor-version":[{"id":344,"href":"https:\/\/ipragency.com.mx\/index.php?rest_route=\/wp\/v2\/pages\/55\/revisions\/344"}],"wp:attachment":[{"href":"https:\/\/ipragency.com.mx\/index.php?rest_route=%2Fwp%2Fv2%2Fmedia&parent=55"}],"curies":[{"name":"wp","href":"https:\/\/api.w.org\/{rel}","templated":true}]}}