{"id":100,"date":"2022-07-09T07:21:27","date_gmt":"2022-07-09T07:21:27","guid":{"rendered":"https:\/\/ipragency.com.mx\/?page_id=100"},"modified":"2022-07-18T18:28:59","modified_gmt":"2022-07-18T18:28:59","slug":"servicios","status":"publish","type":"page","link":"https:\/\/ipragency.com.mx\/?page_id=100","title":{"rendered":"Servicios IPR Agency"},"content":{"rendered":"\n<figure class=\"wp-block-image aligncenter size-large\" style=\"border-radius:55px\"><img loading=\"lazy\" decoding=\"async\" width=\"749\" height=\"1030\" src=\"https:\/\/ipragency.com.mx\/wp-content\/uploads\/2022\/07\/servicios3-749x1030.jpg\" alt=\"\" class=\"wp-image-191\" srcset=\"https:\/\/ipragency.com.mx\/wp-content\/uploads\/2022\/07\/servicios3-749x1030.jpg 749w, https:\/\/ipragency.com.mx\/wp-content\/uploads\/2022\/07\/servicios3-218x300.jpg 218w, https:\/\/ipragency.com.mx\/wp-content\/uploads\/2022\/07\/servicios3-768x1057.jpg 768w, https:\/\/ipragency.com.mx\/wp-content\/uploads\/2022\/07\/servicios3-512x705.jpg 512w, https:\/\/ipragency.com.mx\/wp-content\/uploads\/2022\/07\/servicios3.jpg 1006w\" sizes=\"(max-width: 749px) 100vw, 749px\" \/><\/figure>\n\n\n\n<div class=\"wp-block-columns is-layout-flex wp-container-core-columns-is-layout-1 wp-block-columns-is-layout-flex\">\n<div class=\"wp-block-column is-layout-flow wp-block-column-is-layout-flow\">\n<h6 class=\"has-text-align-center has-black-color has-text-color wp-block-heading\" style=\"font-size:23px;font-style:normal;font-weight:700\"><strong>ESTRATEGIA DE PROTECCI\u00d3N DE LA PROPIEDAD INTELECTUAL (PI)<\/strong><\/h6>\n\n\n\n<p class=\"has-text-align-left\" style=\"font-size:20px\"><strong>a.<\/strong> B\u00fasquedas tecnol\u00f3gicas<\/p>\n\n\n\n<p class=\"has-text-align-left\" style=\"font-size:20px\"><strong>b.<\/strong> Vigilancia tecnol\u00f3gica<\/p>\n\n\n\n<p class=\"has-text-align-left\" style=\"font-size:20px\"><strong>c.<\/strong> Libertad para operar<\/p>\n\n\n\n<p class=\"has-text-align-left\" style=\"font-size:20px\"><strong>d.<\/strong> Definici\u00f3n de una estrategia en PI<\/p>\n\n\n\n<div style=\"height:117px\" aria-hidden=\"true\" class=\"wp-block-spacer\"><\/div>\n\n\n\n<h6 class=\"has-text-align-center has-black-color has-text-color wp-block-heading\" style=\"font-size:23px;font-style:normal;font-weight:700\"><strong>EJERCER TUS DERECHOS EN PROPIEDAD INTELECTUAL<\/strong><\/h6>\n\n\n\n<p class=\"has-text-align-left\" style=\"font-size:20px\"><strong>a.<\/strong> Contratos y convenios en PI<\/p>\n\n\n\n<p class=\"has-text-align-left\" style=\"font-size:20px\"><strong>b.<\/strong> Valuaci\u00f3n de la PI<\/p>\n\n\n\n<p class=\"has-text-align-left\" style=\"font-size:20px\"><strong>c.<\/strong> Manejo de portafolio de PI<\/p>\n\n\n\n<p class=\"has-text-align-left\" style=\"font-size:20px\"><strong>d.<\/strong> Pagos, renovaciones y transferencia<\/p>\n\n\n\n<p class=\"has-text-align-left\" style=\"font-size:20px\"><strong>e.<\/strong> Litigio, recursos de revocaci\u00f3n y negociaciones<\/p>\n<\/div>\n\n\n\n<div class=\"wp-block-column is-layout-flow wp-block-column-is-layout-flow\">\n<h6 class=\"has-text-align-center has-black-color has-text-color wp-block-heading\" style=\"font-size:23px;font-style:normal;font-weight:700\"><strong>PROTECCI\u00d3N DE ACTIVOS INTANGIBLES<\/strong><\/h6>\n\n\n\n<p class=\"has-text-align-left\" style=\"font-size:20px\"><strong>a.<\/strong> Patentes<\/p>\n\n\n\n<p class=\"has-text-align-left\" style=\"font-size:20px\"><strong>b.<\/strong> Modelos de utilidad<\/p>\n\n\n\n<p class=\"has-text-align-left\" style=\"font-size:20px\"><strong>c.<\/strong> Dise\u00f1o industrial<\/p>\n\n\n\n<p class=\"has-text-align-left\" style=\"font-size:20px\"><strong>d.<\/strong> Marcas<\/p>\n\n\n\n<p class=\"has-text-align-left\" style=\"font-size:20px\"><strong>e.<\/strong> B\u00fasquedas de domino<\/p>\n\n\n\n<p class=\"has-text-align-left\" style=\"font-size:20px\"><strong>f.<\/strong> Derechos de autor<\/p>\n\n\n\n<p class=\"has-text-align-left\" style=\"font-size:20px\"><strong>g.<\/strong> Secretos industriales<\/p>\n\n\n\n<div style=\"height:22px\" aria-hidden=\"true\" class=\"wp-block-spacer\"><\/div>\n\n\n\n<h6 class=\"has-text-align-center has-black-color has-text-color wp-block-heading\" style=\"font-size:23px;font-style:normal;font-weight:700\"><strong>CURSOS Y TALLERES<\/strong><\/h6>\n\n\n\n<p class=\"has-text-align-left\" style=\"font-size:20px\"><strong>a. <\/strong>Curso introductorio a la Propiedad Intelectual<\/p>\n\n\n\n<p class=\"has-text-align-left\" style=\"font-size:20px\"><strong>b. <\/strong>Curso en b\u00fasquedas tecnol\u00f3gicas<\/p>\n\n\n\n<p class=\"has-text-align-left\" style=\"font-size:20px\"><strong>c.<\/strong> Curso en redacci\u00f3n de patentes y modelos de utilidad<\/p>\n\n\n\n<p class=\"has-text-align-left\" style=\"font-size:20px\"><strong>d. <\/strong>Taller en gestor\u00eda de la Propiedad Intelectual<\/p>\n<\/div>\n<\/div>\n\n\n\n<p style=\"font-size:20px\"><strong><em>Aseguramos el aprovechamiento de tus activos intangibles para incrementar tu competitividad en la actual econom\u00eda del conocimiento.<\/em><\/strong><\/p>\n","protected":false},"excerpt":{"rendered":"<p>ESTRATEGIA DE PROTECCI\u00d3N DE LA PROPIEDAD INTELECTUAL (PI) a. B\u00fasquedas tecnol\u00f3gicas b. Vigilancia tecnol\u00f3gica c. Libertad para operar d. Definici\u00f3n de una estrategia en PI EJERCER TUS DERECHOS EN PROPIEDAD INTELECTUAL a. Contratos y convenios en PI b. Valuaci\u00f3n de la PI c. Manejo de portafolio de PI d. Pagos, renovaciones y transferencia e. Litigio, [&hellip;]<\/p>\n","protected":false},"author":1,"featured_media":0,"parent":0,"menu_order":5,"comment_status":"closed","ping_status":"closed","template":"","meta":{"footnotes":""},"class_list":["post-100","page","type-page","status-publish","hentry"],"_links":{"self":[{"href":"https:\/\/ipragency.com.mx\/index.php?rest_route=\/wp\/v2\/pages\/100"}],"collection":[{"href":"https:\/\/ipragency.com.mx\/index.php?rest_route=\/wp\/v2\/pages"}],"about":[{"href":"https:\/\/ipragency.com.mx\/index.php?rest_route=\/wp\/v2\/types\/page"}],"author":[{"embeddable":true,"href":"https:\/\/ipragency.com.mx\/index.php?rest_route=\/wp\/v2\/users\/1"}],"replies":[{"embeddable":true,"href":"https:\/\/ipragency.com.mx\/index.php?rest_route=%2Fwp%2Fv2%2Fcomments&post=100"}],"version-history":[{"count":22,"href":"https:\/\/ipragency.com.mx\/index.php?rest_route=\/wp\/v2\/pages\/100\/revisions"}],"predecessor-version":[{"id":348,"href":"https:\/\/ipragency.com.mx\/index.php?rest_route=\/wp\/v2\/pages\/100\/revisions\/348"}],"wp:attachment":[{"href":"https:\/\/ipragency.com.mx\/index.php?rest_route=%2Fwp%2Fv2%2Fmedia&parent=100"}],"curies":[{"name":"wp","href":"https:\/\/api.w.org\/{rel}","templated":true}]}}